{"id":1316,"date":"2023-12-07T20:31:46","date_gmt":"2023-12-07T19:31:46","guid":{"rendered":"https:\/\/wolnasztuka-slowart.pl\/1701272745091\/?page_id=1316"},"modified":"2024-01-29T09:43:11","modified_gmt":"2024-01-29T08:43:11","slug":"przemijanie","status":"publish","type":"page","link":"https:\/\/wolnasztuka-slowart.pl\/?page_id=1316","title":{"rendered":"Przemijanie"},"content":{"rendered":"\t\t<div data-elementor-type=\"wp-page\" data-elementor-id=\"1316\" class=\"elementor elementor-1316\">\n\t\t\t\t<div class=\"elementor-element elementor-element-d3b2af9 e-flex e-con-boxed e-con e-parent\" data-id=\"d3b2af9\" data-element_type=\"container\" data-e-type=\"container\">\n\t\t\t\t\t<div class=\"e-con-inner\">\n\t\t\t\t<div class=\"elementor-element elementor-element-9fceb01 elementor-widget elementor-widget-heading\" data-id=\"9fceb01\" data-element_type=\"widget\" data-e-type=\"widget\" data-widget_type=\"heading.default\">\n\t\t\t\t<div class=\"elementor-widget-container\">\n\t\t\t\t\t<h2 class=\"elementor-heading-title elementor-size-default\">Przemijanie \n<\/h2>\t\t\t\t<\/div>\n\t\t\t\t<\/div>\n\t\t\t\t\t<\/div>\n\t\t\t\t<\/div>\n\t\t<div class=\"elementor-element elementor-element-ff6f78d e-flex e-con-boxed e-con e-parent\" data-id=\"ff6f78d\" data-element_type=\"container\" data-e-type=\"container\">\n\t\t\t\t\t<div class=\"e-con-inner\">\n\t\t\t\t<div class=\"elementor-element elementor-element-28adfab elementor-widget__width-initial elementor-widget elementor-widget-heading\" data-id=\"28adfab\" data-element_type=\"widget\" data-e-type=\"widget\" data-widget_type=\"heading.default\">\n\t\t\t\t<div class=\"elementor-widget-container\">\n\t\t\t\t\t<h3 class=\"elementor-heading-title elementor-size-large\">II wystawa tkaniny artystycznej z cyklu \"Tkanina w Muzeum\" \n 4-30 czerwca 2023<\/h3>\t\t\t\t<\/div>\n\t\t\t\t<\/div>\n\t\t\t\t\t<\/div>\n\t\t\t\t<\/div>\n\t\t<div class=\"elementor-element elementor-element-e5d81fe e-flex e-con-boxed e-con e-parent\" data-id=\"e5d81fe\" data-element_type=\"container\" data-e-type=\"container\">\n\t\t\t\t\t<div class=\"e-con-inner\">\n\t\t\t\t<div class=\"elementor-element elementor-element-df1d7b6 elementor-widget elementor-widget-image\" data-id=\"df1d7b6\" data-element_type=\"widget\" data-e-type=\"widget\" data-widget_type=\"image.default\">\n\t\t\t\t<div class=\"elementor-widget-container\">\n\t\t\t\t\t\t\t\t\t\t\t\t<figure class=\"wp-caption\">\n\t\t\t\t\t\t\t\t\t\t<img fetchpriority=\"high\" decoding=\"async\" width=\"718\" height=\"800\" src=\"https:\/\/wolnasztuka-slowart.pl\/wp-content\/uploads\/2023\/12\/351188407_941832967051757_4106891089258547563_n-718x800-1.jpg\" class=\"attachment-large size-large wp-image-1333\" alt=\"\" srcset=\"https:\/\/wolnasztuka-slowart.pl\/wp-content\/uploads\/2023\/12\/351188407_941832967051757_4106891089258547563_n-718x800-1.jpg 718w, https:\/\/wolnasztuka-slowart.pl\/wp-content\/uploads\/2023\/12\/351188407_941832967051757_4106891089258547563_n-718x800-1-269x300.jpg 269w\" sizes=\"(max-width: 718px) 100vw, 718px\" \/>\t\t\t\t\t\t\t\t\t\t\t<figcaption class=\"widget-image-caption wp-caption-text\">Arty\u015bci uczestnicz\u0105cy w wystawie \"Przemijanie\" fot. B.Kuzio-Bilska<\/figcaption>\n\t\t\t\t\t\t\t\t\t\t<\/figure>\n\t\t\t\t\t\t\t\t\t<\/div>\n\t\t\t\t<\/div>\n\t\t\t\t\t<\/div>\n\t\t\t\t<\/div>\n\t\t<div class=\"elementor-element elementor-element-05f1d09 e-flex e-con-boxed e-con e-parent\" data-id=\"05f1d09\" data-element_type=\"container\" data-e-type=\"container\">\n\t\t\t\t\t<div class=\"e-con-inner\">\n\t\t\t\t<div class=\"elementor-element elementor-element-ec80ece elementor-widget elementor-widget-text-editor\" data-id=\"ec80ece\" data-element_type=\"widget\" data-e-type=\"widget\" data-widget_type=\"text-editor.default\">\n\t\t\t\t<div class=\"elementor-widget-container\">\n\t\t\t\t\t\t\t\t\t<p>Motto wystawy: \u201eTkanie jest jak \u017cycie \u2013 nie mo\u017cesz zmieni\u0107 tego co zrobi\u0142e\u015b wczoraj, ale mo\u017cesz zmodyfikowa\u0107 to co robisz dzi\u015b&#8221; \u2013 Archie Brennan.<\/p>\n<p>Zaprosili\u015bmy tw\u00f3rczynie, w wi\u0119kszo\u015bci zwi\u0105zane z Sekcj\u0105 Tkaniny Okr\u0119gu Warszawskiego Zwi\u0105zku Polskich Artyst\u00f3w Plastyk\u00f3w, aby podzieli\u0142y si\u0119 swoimi przemy\u015bleniami na temat PRZEMIJANIA, kt\u00f3remu podlegaj\u0105 elementy sk\u0142adaj\u0105ce si\u0119 na nasze \u017cycie: osoby, emocje, zwi\u0105zki czy zjawiska przyrody.<br>Wszystkie te aspekty pojawi\u0142y si\u0119 w prezentowanych pracach, wykonanych r\u00f3\u017cnorodnymi technikami: pocz\u0105wszy od tradycyjnej techniki gobelinowej i jej pochodnych, poprzez kola\u017c, dzianin\u0119, malarstwo na jedwabiu a\u017c po druk na tkaninie.<br>Tw\u00f3rczo\u015b\u0107 jest jedn\u0105 z niewielu form przeciwstawienia si\u0119 przemijaniu. Je\u015bli jeszcze mo\u017cemy tworzy\u0107 \u2013 nie przemin\u0119li\u015bmy we w\u0142asnych oczach. Je\u015bli wystawiamy, wyst\u0119pujemy czy publikujemy \u2013 nie przeminiemy w oczach innych.<br>Teksty literackie Jaros\u0142awa Iwaszkiewicza zawieraj\u0105 wiele przemy\u015ble\u0144 dotycz\u0105cych przemijania. Jeste\u015bmy przekonani, \u017ce <a href=\"https:\/\/stawisko.pl\/\" rel=\"noopener\" target=\"_blank\">Muzeum w Stawisku<\/a> jest bardzo dobrym miejscem do prezentacji prac zainspirowanych tym tematem.<\/p>\n<p>Wystawa by\u0142a obj\u0119ta patronatem Okr\u0119gu Warszawskiego Zwi\u0105zku Polskich Artyst\u00f3w Plastyk\u00f3w. Swoje prace prezentowa\u0142y: Krystyna Arska-Perep\u0142y\u015b, Krystyna Jatkiewicz, Maria Je\u0142owicka, Magdalena Jask\u0142owska-Englisz, Ewa Kami\u0144ska, Bo\u017cena Kuzio-Bilska, Joanna Lohn-Zaj\u0105c, Katarzyna Lis-Lachowicz, Ewa \u0141ukiewska, Joanna Pasynkiewicz, Katarzyna Szyma\u0144ska, Jolanta Wdowczyk.<\/p>\t\t\t\t\t\t\t\t<\/div>\n\t\t\t\t<\/div>\n\t\t\t\t\t<\/div>\n\t\t\t\t<\/div>\n\t\t\t\t<\/div>\n\t\t","protected":false},"excerpt":{"rendered":"<p>Przemijanie II wystawa tkaniny artystycznej z cyklu &#8222;Tkanina w Muzeum&#8221; 4-30 czerwca 2023 Arty\u015bci uczestnicz\u0105cy w wystawie &#8222;Przemijanie&#8221; fot. B.Kuzio-Bilska Motto wystawy: \u201eTkanie jest jak \u017cycie \u2013 nie mo\u017cesz zmieni\u0107 tego co zrobi\u0142e\u015b wczoraj, ale mo\u017cesz zmodyfikowa\u0107 to co robisz dzi\u015b&#8221; \u2013 Archie Brennan. Zaprosili\u015bmy tw\u00f3rczynie, w wi\u0119kszo\u015bci zwi\u0105zane z Sekcj\u0105 Tkaniny Okr\u0119gu Warszawskiego Zwi\u0105zku [&hellip;]<\/p>\n","protected":false},"author":1,"featured_media":0,"parent":0,"menu_order":0,"comment_status":"closed","ping_status":"closed","template":"","meta":{"site-sidebar-layout":"no-sidebar","site-content-layout":"","ast-site-content-layout":"full-width-container","site-content-style":"default","site-sidebar-style":"default","ast-global-header-display":"","ast-banner-title-visibility":"","ast-main-header-display":"","ast-hfb-above-header-display":"","ast-hfb-below-header-display":"","ast-hfb-mobile-header-display":"","site-post-title":"disabled","ast-breadcrumbs-content":"","ast-featured-img":"disabled","footer-sml-layout":"","ast-disable-related-posts":"","theme-transparent-header-meta":"","adv-header-id-meta":"","stick-header-meta":"","header-above-stick-meta":"","header-main-stick-meta":"","header-below-stick-meta":"","astra-migrate-meta-layouts":"default","ast-page-background-enabled":"default","ast-page-background-meta":{"desktop":{"background-color":"var(--ast-global-color-4)","background-image":"","background-repeat":"repeat","background-position":"center center","background-size":"auto","background-attachment":"scroll","background-type":"","background-media":"","overlay-type":"","overlay-color":"","overlay-opacity":"","overlay-gradient":""},"tablet":{"background-color":"","background-image":"","background-repeat":"repeat","background-position":"center center","background-size":"auto","background-attachment":"scroll","background-type":"","background-media":"","overlay-type":"","overlay-color":"","overlay-opacity":"","overlay-gradient":""},"mobile":{"background-color":"","background-image":"","background-repeat":"repeat","background-position":"center center","background-size":"auto","background-attachment":"scroll","background-type":"","background-media":"","overlay-type":"","overlay-color":"","overlay-opacity":"","overlay-gradient":""}},"ast-content-background-meta":{"desktop":{"background-color":"var(--ast-global-color-5)","background-image":"","background-repeat":"repeat","background-position":"center center","background-size":"auto","background-attachment":"scroll","background-type":"","background-media":"","overlay-type":"","overlay-color":"","overlay-opacity":"","overlay-gradient":""},"tablet":{"background-color":"var(--ast-global-color-5)","background-image":"","background-repeat":"repeat","background-position":"center center","background-size":"auto","background-attachment":"scroll","background-type":"","background-media":"","overlay-type":"","overlay-color":"","overlay-opacity":"","overlay-gradient":""},"mobile":{"background-color":"var(--ast-global-color-5)","background-image":"","background-repeat":"repeat","background-position":"center center","background-size":"auto","background-attachment":"scroll","background-type":"","background-media":"","overlay-type":"","overlay-color":"","overlay-opacity":"","overlay-gradient":""}},"_themeisle_gutenberg_block_has_review":false,"footnotes":""},"class_list":["post-1316","page","type-page","status-publish","hentry"],"yoast_head":"<!-- This site is optimized with the Yoast SEO plugin v27.4 - https:\/\/yoast.com\/product\/yoast-seo-wordpress\/ -->\n<title>Przemijanie - Wolna sztuka-Slow Art<\/title>\n<meta name=\"description\" content=\"Wystawa tkaniny artystycznej w muzeum A. i J. Iwaszkiewicz\u00f3w w Stawisku, maj-czerwiec 2023. Tematem wystawy by\u0142o przemijanie.\" \/>\n<meta name=\"robots\" content=\"index, follow, max-snippet:-1, max-image-preview:large, max-video-preview:-1\" \/>\n<link rel=\"canonical\" href=\"https:\/\/wolnasztuka-slowart.pl\/?page_id=1316\" \/>\n<meta property=\"og:locale\" content=\"pl_PL\" \/>\n<meta property=\"og:type\" content=\"article\" \/>\n<meta property=\"og:title\" content=\"Przemijanie - Wolna sztuka-Slow Art\" \/>\n<meta property=\"og:description\" content=\"Wystawa tkaniny artystycznej w muzeum A. i J. Iwaszkiewicz\u00f3w w Stawisku, maj-czerwiec 2023. Tematem wystawy by\u0142o przemijanie.\" \/>\n<meta property=\"og:url\" content=\"https:\/\/wolnasztuka-slowart.pl\/?page_id=1316\" \/>\n<meta property=\"og:site_name\" content=\"Wolna sztuka-Slow Art\" \/>\n<meta property=\"article:modified_time\" content=\"2024-01-29T08:43:11+00:00\" \/>\n<meta property=\"og:image\" content=\"https:\/\/wolnasztuka-slowart.pl\/wp-content\/uploads\/2023\/12\/351188407_941832967051757_4106891089258547563_n-718x800-1.jpg\" \/>\n<meta name=\"twitter:card\" content=\"summary_large_image\" \/>\n<meta name=\"twitter:label1\" content=\"Szacowany czas czytania\" \/>\n\t<meta name=\"twitter:data1\" content=\"2 minuty\" \/>\n<script type=\"application\/ld+json\" class=\"yoast-schema-graph\">{\"@context\":\"https:\\\/\\\/schema.org\",\"@graph\":[{\"@type\":\"WebPage\",\"@id\":\"https:\\\/\\\/wolnasztuka-slowart.pl\\\/?page_id=1316\",\"url\":\"https:\\\/\\\/wolnasztuka-slowart.pl\\\/?page_id=1316\",\"name\":\"Przemijanie - Wolna sztuka-Slow Art\",\"isPartOf\":{\"@id\":\"https:\\\/\\\/wolnasztuka-slowart.pl\\\/#website\"},\"primaryImageOfPage\":{\"@id\":\"https:\\\/\\\/wolnasztuka-slowart.pl\\\/?page_id=1316#primaryimage\"},\"image\":{\"@id\":\"https:\\\/\\\/wolnasztuka-slowart.pl\\\/?page_id=1316#primaryimage\"},\"thumbnailUrl\":\"https:\\\/\\\/wolnasztuka-slowart.pl\\\/wp-content\\\/uploads\\\/2023\\\/12\\\/351188407_941832967051757_4106891089258547563_n-718x800-1.jpg\",\"datePublished\":\"2023-12-07T19:31:46+00:00\",\"dateModified\":\"2024-01-29T08:43:11+00:00\",\"description\":\"Wystawa tkaniny artystycznej w muzeum A. i J. Iwaszkiewicz\u00f3w w Stawisku, maj-czerwiec 2023. Tematem wystawy by\u0142o przemijanie.\",\"breadcrumb\":{\"@id\":\"https:\\\/\\\/wolnasztuka-slowart.pl\\\/?page_id=1316#breadcrumb\"},\"inLanguage\":\"pl-PL\",\"potentialAction\":[{\"@type\":\"ReadAction\",\"target\":[\"https:\\\/\\\/wolnasztuka-slowart.pl\\\/?page_id=1316\"]}]},{\"@type\":\"ImageObject\",\"inLanguage\":\"pl-PL\",\"@id\":\"https:\\\/\\\/wolnasztuka-slowart.pl\\\/?page_id=1316#primaryimage\",\"url\":\"https:\\\/\\\/wolnasztuka-slowart.pl\\\/wp-content\\\/uploads\\\/2023\\\/12\\\/351188407_941832967051757_4106891089258547563_n-718x800-1.jpg\",\"contentUrl\":\"https:\\\/\\\/wolnasztuka-slowart.pl\\\/wp-content\\\/uploads\\\/2023\\\/12\\\/351188407_941832967051757_4106891089258547563_n-718x800-1.jpg\",\"width\":718,\"height\":800},{\"@type\":\"BreadcrumbList\",\"@id\":\"https:\\\/\\\/wolnasztuka-slowart.pl\\\/?page_id=1316#breadcrumb\",\"itemListElement\":[{\"@type\":\"ListItem\",\"position\":1,\"name\":\"Strona g\u0142\u00f3wna\",\"item\":\"https:\\\/\\\/wolnasztuka-slowart.pl\\\/?page_id=346&lang=pl\"},{\"@type\":\"ListItem\",\"position\":2,\"name\":\"Przemijanie\"}]},{\"@type\":\"WebSite\",\"@id\":\"https:\\\/\\\/wolnasztuka-slowart.pl\\\/#website\",\"url\":\"https:\\\/\\\/wolnasztuka-slowart.pl\\\/\",\"name\":\"Wolna sztuka-Slow Art\",\"description\":\"Galeria Magdaleny Jask\u0142owskiej-Englisz i Marka Englisza prezentuj\u0105ca prace z zakresu sztuki w\u0142\u00f3kna, fotografii, projektowania graficznego, promuj\u0105ca Woln\u0105 sztuk\u0119\\\/Slow Art.\",\"publisher\":{\"@id\":\"https:\\\/\\\/wolnasztuka-slowart.pl\\\/#organization\"},\"potentialAction\":[{\"@type\":\"SearchAction\",\"target\":{\"@type\":\"EntryPoint\",\"urlTemplate\":\"https:\\\/\\\/wolnasztuka-slowart.pl\\\/?s={search_term_string}\"},\"query-input\":{\"@type\":\"PropertyValueSpecification\",\"valueRequired\":true,\"valueName\":\"search_term_string\"}}],\"inLanguage\":\"pl-PL\"},{\"@type\":\"Organization\",\"@id\":\"https:\\\/\\\/wolnasztuka-slowart.pl\\\/#organization\",\"name\":\"Wolna sztuka-Slow Art\",\"url\":\"https:\\\/\\\/wolnasztuka-slowart.pl\\\/\",\"logo\":{\"@type\":\"ImageObject\",\"inLanguage\":\"pl-PL\",\"@id\":\"https:\\\/\\\/wolnasztuka-slowart.pl\\\/#\\\/schema\\\/logo\\\/image\\\/\",\"url\":\"https:\\\/\\\/wolnasztuka-slowart.pl\\\/wp-content\\\/uploads\\\/2023\\\/11\\\/LOGO.jpg\",\"contentUrl\":\"https:\\\/\\\/wolnasztuka-slowart.pl\\\/wp-content\\\/uploads\\\/2023\\\/11\\\/LOGO.jpg\",\"width\":352,\"height\":386,\"caption\":\"Wolna sztuka-Slow Art\"},\"image\":{\"@id\":\"https:\\\/\\\/wolnasztuka-slowart.pl\\\/#\\\/schema\\\/logo\\\/image\\\/\"}}]}<\/script>\n<!-- \/ Yoast SEO plugin. -->","yoast_head_json":{"title":"Przemijanie - Wolna sztuka-Slow Art","description":"Wystawa tkaniny artystycznej w muzeum A. i J. Iwaszkiewicz\u00f3w w Stawisku, maj-czerwiec 2023. Tematem wystawy by\u0142o przemijanie.","robots":{"index":"index","follow":"follow","max-snippet":"max-snippet:-1","max-image-preview":"max-image-preview:large","max-video-preview":"max-video-preview:-1"},"canonical":"https:\/\/wolnasztuka-slowart.pl\/?page_id=1316","og_locale":"pl_PL","og_type":"article","og_title":"Przemijanie - Wolna sztuka-Slow Art","og_description":"Wystawa tkaniny artystycznej w muzeum A. i J. Iwaszkiewicz\u00f3w w Stawisku, maj-czerwiec 2023. Tematem wystawy by\u0142o przemijanie.","og_url":"https:\/\/wolnasztuka-slowart.pl\/?page_id=1316","og_site_name":"Wolna sztuka-Slow Art","article_modified_time":"2024-01-29T08:43:11+00:00","og_image":[{"url":"https:\/\/wolnasztuka-slowart.pl\/wp-content\/uploads\/2023\/12\/351188407_941832967051757_4106891089258547563_n-718x800-1.jpg","type":"","width":"","height":""}],"twitter_card":"summary_large_image","twitter_misc":{"Szacowany czas czytania":"2 minuty"},"schema":{"@context":"https:\/\/schema.org","@graph":[{"@type":"WebPage","@id":"https:\/\/wolnasztuka-slowart.pl\/?page_id=1316","url":"https:\/\/wolnasztuka-slowart.pl\/?page_id=1316","name":"Przemijanie - Wolna sztuka-Slow Art","isPartOf":{"@id":"https:\/\/wolnasztuka-slowart.pl\/#website"},"primaryImageOfPage":{"@id":"https:\/\/wolnasztuka-slowart.pl\/?page_id=1316#primaryimage"},"image":{"@id":"https:\/\/wolnasztuka-slowart.pl\/?page_id=1316#primaryimage"},"thumbnailUrl":"https:\/\/wolnasztuka-slowart.pl\/wp-content\/uploads\/2023\/12\/351188407_941832967051757_4106891089258547563_n-718x800-1.jpg","datePublished":"2023-12-07T19:31:46+00:00","dateModified":"2024-01-29T08:43:11+00:00","description":"Wystawa tkaniny artystycznej w muzeum A. i J. Iwaszkiewicz\u00f3w w Stawisku, maj-czerwiec 2023. Tematem wystawy by\u0142o przemijanie.","breadcrumb":{"@id":"https:\/\/wolnasztuka-slowart.pl\/?page_id=1316#breadcrumb"},"inLanguage":"pl-PL","potentialAction":[{"@type":"ReadAction","target":["https:\/\/wolnasztuka-slowart.pl\/?page_id=1316"]}]},{"@type":"ImageObject","inLanguage":"pl-PL","@id":"https:\/\/wolnasztuka-slowart.pl\/?page_id=1316#primaryimage","url":"https:\/\/wolnasztuka-slowart.pl\/wp-content\/uploads\/2023\/12\/351188407_941832967051757_4106891089258547563_n-718x800-1.jpg","contentUrl":"https:\/\/wolnasztuka-slowart.pl\/wp-content\/uploads\/2023\/12\/351188407_941832967051757_4106891089258547563_n-718x800-1.jpg","width":718,"height":800},{"@type":"BreadcrumbList","@id":"https:\/\/wolnasztuka-slowart.pl\/?page_id=1316#breadcrumb","itemListElement":[{"@type":"ListItem","position":1,"name":"Strona g\u0142\u00f3wna","item":"https:\/\/wolnasztuka-slowart.pl\/?page_id=346&lang=pl"},{"@type":"ListItem","position":2,"name":"Przemijanie"}]},{"@type":"WebSite","@id":"https:\/\/wolnasztuka-slowart.pl\/#website","url":"https:\/\/wolnasztuka-slowart.pl\/","name":"Wolna sztuka-Slow Art","description":"Galeria Magdaleny Jask\u0142owskiej-Englisz i Marka Englisza prezentuj\u0105ca prace z zakresu sztuki w\u0142\u00f3kna, fotografii, projektowania graficznego, promuj\u0105ca Woln\u0105 sztuk\u0119\/Slow Art.","publisher":{"@id":"https:\/\/wolnasztuka-slowart.pl\/#organization"},"potentialAction":[{"@type":"SearchAction","target":{"@type":"EntryPoint","urlTemplate":"https:\/\/wolnasztuka-slowart.pl\/?s={search_term_string}"},"query-input":{"@type":"PropertyValueSpecification","valueRequired":true,"valueName":"search_term_string"}}],"inLanguage":"pl-PL"},{"@type":"Organization","@id":"https:\/\/wolnasztuka-slowart.pl\/#organization","name":"Wolna sztuka-Slow Art","url":"https:\/\/wolnasztuka-slowart.pl\/","logo":{"@type":"ImageObject","inLanguage":"pl-PL","@id":"https:\/\/wolnasztuka-slowart.pl\/#\/schema\/logo\/image\/","url":"https:\/\/wolnasztuka-slowart.pl\/wp-content\/uploads\/2023\/11\/LOGO.jpg","contentUrl":"https:\/\/wolnasztuka-slowart.pl\/wp-content\/uploads\/2023\/11\/LOGO.jpg","width":352,"height":386,"caption":"Wolna sztuka-Slow Art"},"image":{"@id":"https:\/\/wolnasztuka-slowart.pl\/#\/schema\/logo\/image\/"}}]}},"_links":{"self":[{"href":"https:\/\/wolnasztuka-slowart.pl\/index.php?rest_route=\/wp\/v2\/pages\/1316","targetHints":{"allow":["GET"]}}],"collection":[{"href":"https:\/\/wolnasztuka-slowart.pl\/index.php?rest_route=\/wp\/v2\/pages"}],"about":[{"href":"https:\/\/wolnasztuka-slowart.pl\/index.php?rest_route=\/wp\/v2\/types\/page"}],"author":[{"embeddable":true,"href":"https:\/\/wolnasztuka-slowart.pl\/index.php?rest_route=\/wp\/v2\/users\/1"}],"replies":[{"embeddable":true,"href":"https:\/\/wolnasztuka-slowart.pl\/index.php?rest_route=%2Fwp%2Fv2%2Fcomments&post=1316"}],"version-history":[{"count":34,"href":"https:\/\/wolnasztuka-slowart.pl\/index.php?rest_route=\/wp\/v2\/pages\/1316\/revisions"}],"predecessor-version":[{"id":2398,"href":"https:\/\/wolnasztuka-slowart.pl\/index.php?rest_route=\/wp\/v2\/pages\/1316\/revisions\/2398"}],"wp:attachment":[{"href":"https:\/\/wolnasztuka-slowart.pl\/index.php?rest_route=%2Fwp%2Fv2%2Fmedia&parent=1316"}],"curies":[{"name":"wp","href":"https:\/\/api.w.org\/{rel}","templated":true}]}}